{"id":34,"date":"2025-02-09T22:04:04","date_gmt":"2025-02-09T22:04:04","guid":{"rendered":"http:\/\/78.47.227.106\/?page_id=34"},"modified":"2025-03-20T12:55:40","modified_gmt":"2025-03-20T12:55:40","slug":"brief-manager","status":"publish","type":"page","link":"https:\/\/frugalResolution.com\/index.php\/brief-manager\/","title":{"rendered":"Brief Manager"},"content":{"rendered":"\t\t<div data-elementor-type=\"wp-page\" data-elementor-id=\"34\" class=\"elementor elementor-34\" data-elementor-post-type=\"page\">\n\t\t\t\t<div class=\"elementor-element elementor-element-e43a0aa e-flex e-con-boxed e-con e-parent\" data-id=\"e43a0aa\" data-element_type=\"container\">\n\t\t\t\t\t<div class=\"e-con-inner\">\n\t\t<div class=\"elementor-element elementor-element-7dba8a4 e-con-full e-flex e-con e-child\" data-id=\"7dba8a4\" data-element_type=\"container\">\n\t\t\t\t<div class=\"elementor-element elementor-element-60a2573 elementor-widget elementor-widget-image\" data-id=\"60a2573\" data-element_type=\"widget\" data-widget_type=\"image.default\">\n\t\t\t\t<div class=\"elementor-widget-container\">\n\t\t\t\t\t\t\t\t\t\t\t\t\t\t\t<img fetchpriority=\"high\" decoding=\"async\" width=\"1024\" height=\"1024\" src=\"https:\/\/frugalResolution.com\/wp-content\/uploads\/2025\/02\/appIcon-app.png\" class=\"attachment-large size-large wp-image-25\" alt=\"\" srcset=\"https:\/\/frugalResolution.com\/wp-content\/uploads\/2025\/02\/appIcon-app.png 1024w, https:\/\/frugalResolution.com\/wp-content\/uploads\/2025\/02\/appIcon-app-300x300.png 300w, https:\/\/frugalResolution.com\/wp-content\/uploads\/2025\/02\/appIcon-app-150x150.png 150w, https:\/\/frugalResolution.com\/wp-content\/uploads\/2025\/02\/appIcon-app-768x768.png 768w\" sizes=\"(max-width: 1024px) 100vw, 1024px\" \/>\t\t\t\t\t\t\t\t\t\t\t\t\t\t\t<\/div>\n\t\t\t\t<\/div>\n\t\t\t\t<\/div>\n\t\t<div class=\"elementor-element elementor-element-e754c14 e-con-full e-flex e-con e-child\" data-id=\"e754c14\" data-element_type=\"container\">\n\t\t\t\t<div class=\"elementor-element elementor-element-ae042d5 elementor-widget elementor-widget-text-editor\" data-id=\"ae042d5\" data-element_type=\"widget\" data-widget_type=\"text-editor.default\">\n\t\t\t\t<div class=\"elementor-widget-container\">\n\t\t\t\t\t\t\t\t\t<p>Bringen Sie Professionalit\u00e4t und Ihren pers\u00f6nlichen Stil in Einklang.<\/p>\n<p>Erstellen Sie normgerechte DIN-5008 Gesch\u00e4ftsbriefe. Einfach, schnell, individuell.<\/p>\t\t\t\t\t\t\t\t<\/div>\n\t\t\t\t<\/div>\n\t\t\t\t<\/div>\n\t\t\t\t\t<\/div>\n\t\t\t\t<\/div>\n\t\t<div class=\"elementor-element elementor-element-25fed0b e-grid e-con-boxed e-con e-parent\" data-id=\"25fed0b\" data-element_type=\"container\">\n\t\t\t\t\t<div class=\"e-con-inner\">\n\t\t\t\t<div class=\"elementor-element elementor-element-f744508 elementor-widget elementor-widget-heading\" data-id=\"f744508\" data-element_type=\"widget\" data-widget_type=\"heading.default\">\n\t\t\t\t<div class=\"elementor-widget-container\">\n\t\t\t\t\t<h2 class=\"elementor-heading-title elementor-size-default\">Revolutionieren Sie Ihre Briefkorrespondenz<\/h2>\t\t\t\t<\/div>\n\t\t\t\t<\/div>\n\t\t\t\t\t<\/div>\n\t\t\t\t<\/div>\n\t\t<div class=\"elementor-element elementor-element-df13db1 e-grid e-con-boxed e-con e-parent\" data-id=\"df13db1\" data-element_type=\"container\">\n\t\t\t\t\t<div class=\"e-con-inner\">\n\t\t\t\t<div class=\"elementor-element elementor-element-50d50e5 elementor-widget elementor-widget-image\" data-id=\"50d50e5\" data-element_type=\"widget\" data-widget_type=\"image.default\">\n\t\t\t\t<div class=\"elementor-widget-container\">\n\t\t\t\t\t\t\t\t\t\t\t\t\t\t\t<img decoding=\"async\" width=\"546\" height=\"1024\" src=\"https:\/\/frugalResolution.com\/wp-content\/uploads\/2025\/02\/3_pdfPreview-546x1024.png\" class=\"attachment-large size-large wp-image-39\" alt=\"\" srcset=\"https:\/\/frugalResolution.com\/wp-content\/uploads\/2025\/02\/3_pdfPreview-546x1024.png 546w, https:\/\/frugalResolution.com\/wp-content\/uploads\/2025\/02\/3_pdfPreview-160x300.png 160w, https:\/\/frugalResolution.com\/wp-content\/uploads\/2025\/02\/3_pdfPreview-768x1440.png 768w, https:\/\/frugalResolution.com\/wp-content\/uploads\/2025\/02\/3_pdfPreview-819x1536.png 819w, https:\/\/frugalResolution.com\/wp-content\/uploads\/2025\/02\/3_pdfPreview-1092x2048.png 1092w, https:\/\/frugalResolution.com\/wp-content\/uploads\/2025\/02\/3_pdfPreview.png 1600w\" sizes=\"(max-width: 546px) 100vw, 546px\" \/>\t\t\t\t\t\t\t\t\t\t\t\t\t\t\t<\/div>\n\t\t\t\t<\/div>\n\t\t\t\t<div class=\"elementor-element elementor-element-654fe4a elementor-widget elementor-widget-text-editor\" data-id=\"654fe4a\" data-element_type=\"widget\" data-widget_type=\"text-editor.default\">\n\t\t\t\t<div class=\"elementor-widget-container\">\n\t\t\t\t\t\t\t\t\t<div dir=\"ltr\">Effizienz auf Knopfdruck:<\/div><div dir=\"ltr\">Mit dem Brief Manager wird das Schreiben von Briefen einfacher denn je. Starten Sie die App auf Ihrem iPhone, iPad oder M1 Mac, tippen Sie auf \u201eNeuer Brief\u201c und beginnen Sie sofort mit dem Schreiben \u2013 ohne sich Gedanken \u00fcber das Format machen zu m\u00fcssen. Unsere App h\u00e4lt automatisch die DIN-Norm ein und speichert Ihre personalisierte Briefvorlage.<\/div>\t\t\t\t\t\t\t\t<\/div>\n\t\t\t\t<\/div>\n\t\t\t\t\t<\/div>\n\t\t\t\t<\/div>\n\t\t<div class=\"elementor-element elementor-element-b19ded7 e-flex e-con-boxed e-con e-parent\" data-id=\"b19ded7\" data-element_type=\"container\">\n\t\t\t\t\t<div class=\"e-con-inner\">\n\t\t<div class=\"elementor-element elementor-element-89efc55 e-con-full e-flex e-con e-child\" data-id=\"89efc55\" data-element_type=\"container\">\n\t\t\t\t<\/div>\n\t\t<div class=\"elementor-element elementor-element-35ac28c e-con-full e-flex e-con e-child\" data-id=\"35ac28c\" data-element_type=\"container\">\n\t\t\t\t<\/div>\n\t\t<div class=\"elementor-element elementor-element-5bf2487 e-con-full e-flex e-con e-child\" data-id=\"5bf2487\" data-element_type=\"container\">\n\t\t\t\t<div class=\"elementor-element elementor-element-a96fee6 elementor-widget elementor-widget-text-editor\" data-id=\"a96fee6\" data-element_type=\"widget\" data-widget_type=\"text-editor.default\">\n\t\t\t\t<div class=\"elementor-widget-container\">\n\t\t\t\t\t\t\t\t\t<p><span style=\"text-decoration: underline;\"><a href=\"https:\/\/apps.apple.com\/de\/app\/brief-manager\/id1514415524\">Download aus dem AppStore<\/a><\/span><\/p>\t\t\t\t\t\t\t\t<\/div>\n\t\t\t\t<\/div>\n\t\t\t\t<\/div>\n\t\t\t\t<div class=\"elementor-element elementor-element-b34930d elementor-widget elementor-widget-image\" data-id=\"b34930d\" data-element_type=\"widget\" data-widget_type=\"image.default\">\n\t\t\t\t<div class=\"elementor-widget-container\">\n\t\t\t\t\t\t\t\t\t\t\t\t\t\t\t\t<a href=\"https:\/\/www.google.com\/url?sa=t&#038;source=web&#038;rct=j&#038;opi=89978449&#038;url=https:\/\/apps.apple.com\/de\/app\/brief-manager\/id1514415524&#038;ved=2ahUKEwjp_diazLeLAxWISfEDHZdTA_YQFnoECBsQAQ&#038;usg=AOvVaw2tjJKCuMqcyRBEj2a1m8zv\">\n\t\t\t\t\t\t\t<img decoding=\"async\" width=\"1024\" height=\"282\" src=\"https:\/\/frugalResolution.com\/wp-content\/uploads\/2025\/02\/SupportUs_BriefManager-1024x282.png\" class=\"attachment-large size-large wp-image-24\" alt=\"\" srcset=\"https:\/\/frugalResolution.com\/wp-content\/uploads\/2025\/02\/SupportUs_BriefManager-1024x282.png 1024w, https:\/\/frugalResolution.com\/wp-content\/uploads\/2025\/02\/SupportUs_BriefManager-300x83.png 300w, https:\/\/frugalResolution.com\/wp-content\/uploads\/2025\/02\/SupportUs_BriefManager-768x211.png 768w, https:\/\/frugalResolution.com\/wp-content\/uploads\/2025\/02\/SupportUs_BriefManager-1536x422.png 1536w, https:\/\/frugalResolution.com\/wp-content\/uploads\/2025\/02\/SupportUs_BriefManager.png 2000w\" sizes=\"(max-width: 1024px) 100vw, 1024px\" \/>\t\t\t\t\t\t\t\t<\/a>\n\t\t\t\t\t\t\t\t\t\t\t\t\t\t\t<\/div>\n\t\t\t\t<\/div>\n\t\t\t\t\t<\/div>\n\t\t\t\t<\/div>\n\t\t\t\t<\/div>\n\t\t","protected":false},"excerpt":{"rendered":"<p>Bringen Sie Professionalit\u00e4t und Ihren pers\u00f6nlichen Stil in Einklang. Erstellen Sie normgerechte DIN-5008 Gesch\u00e4ftsbriefe. Einfach, schnell, individuell. Revolutionieren Sie Ihre Briefkorrespondenz Effizienz auf Knopfdruck:Mit dem Brief Manager wird das Schreiben von Briefen einfacher denn je. Starten Sie die App auf Ihrem iPhone, iPad oder M1 Mac, tippen Sie auf \u201eNeuer Brief\u201c und beginnen Sie sofort [&hellip;]<\/p>\n","protected":false},"author":1,"featured_media":61,"parent":0,"menu_order":0,"comment_status":"closed","ping_status":"closed","template":"","meta":{"footnotes":""},"class_list":["post-34","page","type-page","status-publish","has-post-thumbnail","hentry"],"_links":{"self":[{"href":"https:\/\/frugalResolution.com\/index.php\/wp-json\/wp\/v2\/pages\/34","targetHints":{"allow":["GET"]}}],"collection":[{"href":"https:\/\/frugalResolution.com\/index.php\/wp-json\/wp\/v2\/pages"}],"about":[{"href":"https:\/\/frugalResolution.com\/index.php\/wp-json\/wp\/v2\/types\/page"}],"author":[{"embeddable":true,"href":"https:\/\/frugalResolution.com\/index.php\/wp-json\/wp\/v2\/users\/1"}],"replies":[{"embeddable":true,"href":"https:\/\/frugalResolution.com\/index.php\/wp-json\/wp\/v2\/comments?post=34"}],"version-history":[{"count":23,"href":"https:\/\/frugalResolution.com\/index.php\/wp-json\/wp\/v2\/pages\/34\/revisions"}],"predecessor-version":[{"id":127,"href":"https:\/\/frugalResolution.com\/index.php\/wp-json\/wp\/v2\/pages\/34\/revisions\/127"}],"wp:featuredmedia":[{"embeddable":true,"href":"https:\/\/frugalResolution.com\/index.php\/wp-json\/wp\/v2\/media\/61"}],"wp:attachment":[{"href":"https:\/\/frugalResolution.com\/index.php\/wp-json\/wp\/v2\/media?parent=34"}],"curies":[{"name":"wp","href":"https:\/\/api.w.org\/{rel}","templated":true}]}}